{"id":137,"date":"2024-08-31T22:12:49","date_gmt":"2024-08-31T20:12:49","guid":{"rendered":"https:\/\/lecomptoirdusel.com\/?page_id=137"},"modified":"2024-08-31T22:19:40","modified_gmt":"2024-08-31T20:19:40","slug":"la-fondatrice","status":"publish","type":"page","link":"https:\/\/lecomptoirdusel.com\/?page_id=137","title":{"rendered":"La Fondatrice"},"content":{"rendered":"\t\t<div data-elementor-type=\"wp-page\" data-elementor-id=\"137\" class=\"elementor elementor-137\">\n\t\t\t\t<div class=\"elementor-element elementor-element-82d57f9 e-flex e-con-boxed e-con e-parent\" data-id=\"82d57f9\" data-element_type=\"container\">\n\t\t\t\t\t<div class=\"e-con-inner\">\n\t\t<div class=\"elementor-element elementor-element-41fdb2a e-con-full e-flex e-con e-child\" data-id=\"41fdb2a\" data-element_type=\"container\">\n\t\t\t\t<div class=\"elementor-element elementor-element-a5d5cf2 elementor-widget elementor-widget-image\" data-id=\"a5d5cf2\" data-element_type=\"widget\" data-widget_type=\"image.default\">\n\t\t\t\t<div class=\"elementor-widget-container\">\n\t\t\t<style>\/*! elementor - v3.23.0 - 25-07-2024 *\/\n.elementor-widget-image{text-align:center}.elementor-widget-image a{display:inline-block}.elementor-widget-image a img[src$=\".svg\"]{width:48px}.elementor-widget-image img{vertical-align:middle;display:inline-block}<\/style>\t\t\t\t\t\t\t\t\t\t<img fetchpriority=\"high\" decoding=\"async\" width=\"1000\" height=\"1020\" src=\"https:\/\/lecomptoirdusel.com\/wp-content\/uploads\/2024\/08\/Media-50-1004x1024.jpeg\" class=\"attachment-large size-large wp-image-69\" alt=\"\" srcset=\"https:\/\/lecomptoirdusel.com\/wp-content\/uploads\/2024\/08\/Media-50-1004x1024.jpeg 1004w, https:\/\/lecomptoirdusel.com\/wp-content\/uploads\/2024\/08\/Media-50-294x300.jpeg 294w, https:\/\/lecomptoirdusel.com\/wp-content\/uploads\/2024\/08\/Media-50-768x784.jpeg 768w, https:\/\/lecomptoirdusel.com\/wp-content\/uploads\/2024\/08\/Media-50-637x650.jpeg 637w, https:\/\/lecomptoirdusel.com\/wp-content\/uploads\/2024\/08\/Media-50.jpeg 1080w\" sizes=\"(max-width: 1000px) 100vw, 1000px\" \/>\t\t\t\t\t\t\t\t\t\t\t\t\t<\/div>\n\t\t\t\t<\/div>\n\t\t\t\t<\/div>\n\t\t<div class=\"elementor-element elementor-element-b4fe232 e-con-full e-flex e-con e-child\" data-id=\"b4fe232\" data-element_type=\"container\">\n\t\t\t\t<div class=\"elementor-element elementor-element-09b3904 elementor-widget elementor-widget-spacer\" data-id=\"09b3904\" data-element_type=\"widget\" data-widget_type=\"spacer.default\">\n\t\t\t\t<div class=\"elementor-widget-container\">\n\t\t\t<style>\/*! elementor - v3.23.0 - 25-07-2024 *\/\n.elementor-column .elementor-spacer-inner{height:var(--spacer-size)}.e-con{--container-widget-width:100%}.e-con-inner>.elementor-widget-spacer,.e-con>.elementor-widget-spacer{width:var(--container-widget-width,var(--spacer-size));--align-self:var(--container-widget-align-self,initial);--flex-shrink:0}.e-con-inner>.elementor-widget-spacer>.elementor-widget-container,.e-con>.elementor-widget-spacer>.elementor-widget-container{height:100%;width:100%}.e-con-inner>.elementor-widget-spacer>.elementor-widget-container>.elementor-spacer,.e-con>.elementor-widget-spacer>.elementor-widget-container>.elementor-spacer{height:100%}.e-con-inner>.elementor-widget-spacer>.elementor-widget-container>.elementor-spacer>.elementor-spacer-inner,.e-con>.elementor-widget-spacer>.elementor-widget-container>.elementor-spacer>.elementor-spacer-inner{height:var(--container-widget-height,var(--spacer-size))}.e-con-inner>.elementor-widget-spacer.elementor-widget-empty,.e-con>.elementor-widget-spacer.elementor-widget-empty{position:relative;min-height:22px;min-width:22px}.e-con-inner>.elementor-widget-spacer.elementor-widget-empty .elementor-widget-empty-icon,.e-con>.elementor-widget-spacer.elementor-widget-empty .elementor-widget-empty-icon{position:absolute;top:0;bottom:0;left:0;right:0;margin:auto;padding:0;width:22px;height:22px}<\/style>\t\t<div class=\"elementor-spacer\">\n\t\t\t<div class=\"elementor-spacer-inner\"><\/div>\n\t\t<\/div>\n\t\t\t\t<\/div>\n\t\t\t\t<\/div>\n\t\t\t\t<div class=\"elementor-element elementor-element-13c2fa3 elementor-widget elementor-widget-heading\" data-id=\"13c2fa3\" data-element_type=\"widget\" data-widget_type=\"heading.default\">\n\t\t\t\t<div class=\"elementor-widget-container\">\n\t\t\t<style>\/*! elementor - v3.23.0 - 25-07-2024 *\/\n.elementor-heading-title{padding:0;margin:0;line-height:1}.elementor-widget-heading .elementor-heading-title[class*=elementor-size-]>a{color:inherit;font-size:inherit;line-height:inherit}.elementor-widget-heading .elementor-heading-title.elementor-size-small{font-size:15px}.elementor-widget-heading .elementor-heading-title.elementor-size-medium{font-size:19px}.elementor-widget-heading .elementor-heading-title.elementor-size-large{font-size:29px}.elementor-widget-heading .elementor-heading-title.elementor-size-xl{font-size:39px}.elementor-widget-heading .elementor-heading-title.elementor-size-xxl{font-size:59px}<\/style><h2 class=\"elementor-heading-title elementor-size-default\">Awa SARR RIVET,  Fondatrice et Directrice G\u00e9n\u00e9rale de la Soci\u00e9te Le Comptoir du Sel.<\/h2>\t\t<\/div>\n\t\t\t\t<\/div>\n\t\t\t\t<\/div>\n\t\t\t\t\t<\/div>\n\t\t\t\t<\/div>\n\t\t<div class=\"elementor-element elementor-element-379b11e e-flex e-con-boxed e-con e-parent\" data-id=\"379b11e\" data-element_type=\"container\">\n\t\t\t\t\t<div class=\"e-con-inner\">\n\t\t\t\t<div class=\"elementor-element elementor-element-da3b603 elementor-widget elementor-widget-text-editor\" data-id=\"da3b603\" data-element_type=\"widget\" data-widget_type=\"text-editor.default\">\n\t\t\t\t<div class=\"elementor-widget-container\">\n\t\t\t<style>\/*! elementor - v3.23.0 - 25-07-2024 *\/\n.elementor-widget-text-editor.elementor-drop-cap-view-stacked .elementor-drop-cap{background-color:#69727d;color:#fff}.elementor-widget-text-editor.elementor-drop-cap-view-framed .elementor-drop-cap{color:#69727d;border:3px solid;background-color:transparent}.elementor-widget-text-editor:not(.elementor-drop-cap-view-default) .elementor-drop-cap{margin-top:8px}.elementor-widget-text-editor:not(.elementor-drop-cap-view-default) .elementor-drop-cap-letter{width:1em;height:1em}.elementor-widget-text-editor .elementor-drop-cap{float:left;text-align:center;line-height:1;font-size:50px}.elementor-widget-text-editor .elementor-drop-cap-letter{display:inline-block}<\/style>\t\t\t\t<p dir=\"auto\">G\u00e9ographe de formation, sp\u00e9cialiste des Logiques Economiques et du D\u00e9veloppement des Espaces Ruraux. Apr\u00e8s plusieurs fonctions, dans le Public (Charg\u00e9e de projets, Conseill\u00e8re Technique, Point focal Union Africaine) et le priv\u00e9 ( Chef de projet, Charg\u00e9e de D\u00e9veloppement industriel, Responsable de d\u00e9veloppement..), entre le S\u00e9n\u00e9gal, la France, le Canada, l\u2019Ouganda et le Kenya, je suis rentr\u00e9e au pays en 2013 comme premi\u00e8re tentative, puis d\u00e9finitivement en 2015.<\/p><p>Mon parcours professionnel atypique et mes exp\u00e9riences au sein de mes diff\u00e9rents terrains de recherche m\u2019ont permis de d\u00e9velopper une r\u00e9elle capacit\u00e9 d\u2019adaptation et des connaissances vari\u00e9es sur de nombreuses soci\u00e9t\u00e9s.<\/p><p dir=\"auto\">Apr\u00e8s plusieurs \u00a0passages dans les rayons de diff\u00e9rents supermarch\u00e9s et march\u00e9s locaux je me suis int\u00e9ress\u00e9e \u00e0\u00a0la production de sel de ma r\u00e9gion.<br \/>Ne trouvant que des produits finis import\u00e9s comme la Baleine, C\u00e9r\u00e9bos ou autres marques \u00e9trang\u00e8res, je me suis pos\u00e9e la question de la place de notre production locale dans les rayons des supermarch\u00e9s et j\u2019ai voulu me nicher dans le secteur du sel.\u00a0<\/p><p dir=\"auto\">Avec des chiffres en main sur la production de sel en Afrique qui place notre pays comme le premier producteur de l\u2019Afrique de l\u2019 Ouest, et chose incroyable, le S\u00e9n\u00e9gal importe un quart de notre consommation.\u00a0<\/p><p dir=\"auto\">Ainsi commence mon aventure entrepreneuriale. Mon r\u00eave de leadership dans la valorisation du sel de mer est n\u00e9, car j\u2019ai consid\u00e9r\u00e9 ce produit comme de \u00ab\u00a0l\u2019or blanc\u00a0\u00bb, dans la zone du Sine-Saloum (Fatick et Kaolack), un atout \u00e9conomique majeur pour ce territoire.<\/p><p dir=\"auto\">Tout d\u2019abord en tant qu\u2019exportatrice dans la sous r\u00e9gion et puis arrive le besoin de cr\u00e9er l\u2019industrie qui r\u00e9pondrait aux besoins de nos agro-industriels et comblerait nos m\u00e9nages.<\/p><p>Ce projet d\u2019industrialisation est \u00e9galement un moyen de fixer les femmes et les jeunes de\u00a0\u00a0ma r\u00e9gion d\u2019origine, Kaolack, \u00e9voluant dans la fili\u00e9re sel en leur offrant de nouvelles perspectives \u00e9comiques et sociales.<\/p><p dir=\"auto\">Mon objectif \u00e0 long terme, est de remplacer chaque pots de sel import\u00e9s, par des produits\u00a0\u00a0estampill\u00e9s \u00ab<b><i>\u00a0Xorom Nala<\/i><\/b>\u00a0\u00bb, \u00ab<b><i>\u00a0100% Made in S\u00e9n\u00e9gal<\/i><\/b><i>\u00a0<\/i>\u00bb , et d\u00e9montrer aux jeunes et aux femmes, que certes la route est longue et compliqu\u00e9e, mais qu\u2019en quittant sa zone de confort la r\u00e9ussite est \u00e0 port\u00e9e de main, et que c\u2019est possible.<\/p>\t\t\t\t\t\t<\/div>\n\t\t\t\t<\/div>\n\t\t\t\t\t<\/div>\n\t\t\t\t<\/div>\n\t\t\t\t<\/div>\n\t\t","protected":false},"excerpt":{"rendered":"<p>Awa SARR RIVET, Fondatrice et Directrice G\u00e9n\u00e9rale de la Soci\u00e9te Le Comptoir du Sel. G\u00e9ographe de formation, sp\u00e9cialiste des Logiques Economiques et [&hellip;]<\/p>\n","protected":false},"author":1,"featured_media":0,"parent":0,"menu_order":0,"comment_status":"closed","ping_status":"closed","template":"","meta":{"footnotes":""},"class_list":["post-137","page","type-page","status-publish","hentry"],"_links":{"self":[{"href":"https:\/\/lecomptoirdusel.com\/index.php?rest_route=\/wp\/v2\/pages\/137"}],"collection":[{"href":"https:\/\/lecomptoirdusel.com\/index.php?rest_route=\/wp\/v2\/pages"}],"about":[{"href":"https:\/\/lecomptoirdusel.com\/index.php?rest_route=\/wp\/v2\/types\/page"}],"author":[{"embeddable":true,"href":"https:\/\/lecomptoirdusel.com\/index.php?rest_route=\/wp\/v2\/users\/1"}],"replies":[{"embeddable":true,"href":"https:\/\/lecomptoirdusel.com\/index.php?rest_route=%2Fwp%2Fv2%2Fcomments&post=137"}],"version-history":[{"count":4,"href":"https:\/\/lecomptoirdusel.com\/index.php?rest_route=\/wp\/v2\/pages\/137\/revisions"}],"predecessor-version":[{"id":143,"href":"https:\/\/lecomptoirdusel.com\/index.php?rest_route=\/wp\/v2\/pages\/137\/revisions\/143"}],"wp:attachment":[{"href":"https:\/\/lecomptoirdusel.com\/index.php?rest_route=%2Fwp%2Fv2%2Fmedia&parent=137"}],"curies":[{"name":"wp","href":"https:\/\/api.w.org\/{rel}","templated":true}]}}